 is -126744 + 3476?
-123246
In base 11, what is 89356 + 1904?
9015a
In base 10, what is -3919014 + 2?
-3919012
In base 10, what is -12802879 + 4?
-12802875
In base 6, what is -353 - -312130?
311333
In base 7, what is 2151346341 + 13?
2151346354
In base 6, what is -152 - 245113042?
-245113234
In base 7, what is -563 - 235431?
-236324
In base 13, what is -324870 + 8a?
-3247b3
In base 6, what is 54305 + 204312?
303021
In base 3, what is -222020022 + -1120221?
-1000211020
In base 3, what is 21022010101 - -201?
21022011002
In base 3, what is 10011 - -101001210112001?
101001210122012
In base 9, what is 773 - 243527?
-242644
In base 16, what is -22c8046 - 1?
-22c8047
In base 2, what is 111011000 + -10011000001100?
-10010000110100
In base 16, what is -29c600 + 1?
-29c5ff
In base 8, what is -1167443227 - -4?
-1167443223
In base 13, what is -3c2112a - -3?
-3c21127
In base 5, what is -431310012 - -402?
-431304110
In base 4, what is 102023 + 10333003?
11101032
In base 7, what is -3531535334 + 2?
-3531535332
In base 6, what is 124401 + -12001?
112400
In base 15, what is 51 + 9e9b7?
9ea18
In base 5, what is 2320113 - 2144?
2312414
In base 10, what is -2209504 + 2?
-2209502
In base 13, what is -165b - 19a8?
-3336
In base 13, what is 3a + 7b2228?
7b2265
In base 12, what is -12b6 + 593?
-923
In base 16, what is 3470 - 104?
336c
In base 3, what is -101 + 11201212110022?
11201212102221
In base 12, what is -204a - 12437?
-14485
In base 12, what is -5 + -15391b80?
-15391b85
In base 12, what is 39a023 - 61?
399b82
In base 12, what is 3 + 37ba0456?
37ba0459
In base 14, what is -d10 + -8b51?
-9a61
In base 11, what is -a488 + 731?
-9857
In base 2, what is -100110011100111000001101 + 10?
-100110011100111000001011
In base 6, what is -35010212 + -311?
-35010523
In base 2, what is 11101000111111101001 + -1011?
11101000111111011110
In base 8, what is 1 - -20475325?
20475326
In base 5, what is -2144313 + -20243?
-2220111
In base 14, what is 43 - -4b6222?
4b6265
In base 9, what is -226303 - 1151?
-227454
In base 10, what is 83 - 45498?
-45415
In base 15, what is 285 + -8e22a?
-8de95
In base 5, what is 101331 - -231132?
333013
In base 13, what is 6 + -5c9a09?
-5c9a03
In base 6, what is -312235 - 1140?
-313415
In base 14, what is 4 + a12b7a?
a12b80
In base 2, what is -11000010110010110111 + 110000111?
-11000010101100110000
In base 6, what is 3 - 1455144342?
-1455144335
In base 10, what is 11783 + -1689?
10094
In base 7, what is 340410 + 1240?
341650
In base 3, what is -1120 + 210210002122110?
210210002120220
In base 8, what is -4 - 7314110?
-7314114
In base 2, what is 101 + 10010000101000010?
10010000101000111
In base 8, what is 5067031 - 10?
5067021
In base 7, what is -60501 - 11302?
-102103
In base 16, what is 5 + -2c32ad?
-2c32a8
In base 12, what is -5b2b6 - -14?
-5b2a2
In base 14, what is 56937 - 10?
56927
In base 16, what is 3352 + -4e?
3304
In base 3, what is 1011 - -111221110210?
111221111221
In base 9, what is -287538 + -58?
-287607
In base 9, what is -81263083 + 4?
-81263078
In base 11, what is 58273a2 - a?
5827393
In base 10, what is -2716 + 206?
-2510
In base 12, what is 3110 + -1027?
20a5
In base 11, what is 105 + -5547a1?
-554697
In base 9, what is -541 + -135005?
-135546
In base 5, what is 1243031 + 303404?
2101440
In base 12, what is 4 + -175b45a?
-175b456
In base 3, what is 11020110110122 - -120?
11020110111012
In base 10, what is 76631 + 151?
76782
In base 7, what is 1054 - 513340?
-512253
In base 5, what is -240 - 24414041?
-24414331
In base 13, what is -50 + -70bb9?
-70c39
In base 16, what is -3407e - eb?
-34169
In base 14, what is 30 - -11926c?
11929c
In base 4, what is -13121110032333 + -10?
-13121110033003
In base 2, what is 1100000000110 - -1011001000?
1101011001110
In base 3, what is 212010211100 - -12221?
212011001021
In base 15, what is 8c0e + 2564?
b273
In base 3, what is 12 + -20000022022210122?
-20000022022210110
In base 15, what is -1bce3 + -2b?
-1bd1e
In base 13, what is 337 - 111?
226
In base 11, what is -323 + 2a3016?
2a27a3
In base 4, what is -11 + -1333123300020?
-1333123300031
In base 16, what is -8 - -244eb2?
244eaa
In base 13, what is 209 + 9052?
925b
In base 13, what is 27c + -15b60b?
-15b35c
In base 14, what is 20 - -359625?
359645
In base 12, what is 17b19 + a?
17b27
In base 9, what is -20 + -542238?
-542258
In base 6, what is 2 - -455300555?
455301001
In base 10, what is -60226437 + -3?
-60226440
In base 2, what is -11110001 + 1011110001011010000000?
1011110001010110001111
In base 15, what is -67 - 10443?
-104aa
In base 9, what is 4222202051 - 0?
4222202051
In base 3, what is 1022202 + -11022221101?
-11021121122
In base 16, what is 278 - 11f64?
-11cec
In base 15, what is -a - 1795e9?
-179604
In base 2, what is -1111110101101111 - -10100000?
-1111110011001111
In base 15, what is 8 + -17cb12b?
-17cb123
In base 4, what is 2133221103 - 223?
2133220220
In base 3, what is 211000022 + -121200?
210101122
In base 3, what is 101021 + -22112110?
-22011012
In base 11, what is 259504 - -15?
259519
In base 14, what is -14b - -b6c0?
b573
In base 16, what is -bdc + dd7?
1fb
In base 3, what is -101122112121221102 + 11?
-101122112121221021
In base 7, what is -12 - -115364265?
115364253
In base 10, what is -1073657 + 718?
-1072939
In base 5, what is -42243022023 - -31?
-42243021442
In base 10, what is 4 + -6426697?
-6426693
In base 3, what is 121021100 - -2210002100?
10101100200
In base 9, what is 0 - 82340?
-82340
In base 6, what is -20135433 - -43?
-20135350
In base 15, what is -6992115 + 0?
-6992115
In base 16, what is 5 - 2228cef?
-2228cea
In base 16, what is -9 - -67108?
670ff
In base 15, what is 12 - 834d9?
-834c7
In base 10, what is -654 + 1101440?
1100786
In base 14, what is b20d + -298?
ad55
In base 3, what is -2122010011 - 2?
-2122010020
In base 2, what is 1101 - -110111111111010100111?
110111111111010110100
In base 10, what is -3 + -192666866?
-192666869
In base 3, what is -200 - -10112010000211?
10112010000011
In base 10, what is -143 + 183449?
183306
In base 10, what is -2742 + -1723?
-4465
In base 3, what is -10020 - 10112212201200?
-10112212211220
In base 13, what is -170c6 + -76?
-1716c
In base 5, what is -23434431 + -1132?
-23441113
In base 7, what is 4500061663 - -2?
4500061665
In base 3, what is -1010201 + -201011112?
-202022020
In base 10, what is -281869 + 47?
-281822
In base 5, what is 100303 + 211240?
312043
In base 7, what is 664 - 362623?
-361626
In base 12, what is 3560a5 + 1?
3560a6
In base 11, what is 5082889 + -1a?
508286a
In base 6, what is 3055134 + -110010?
2545124
In base 7, what is -136451 + 50652?
-55466
In base 7, what is -54 + -3561623?
-3562010
In base 11, what is -411a - -1199?
-2a31
In base 4, what is -11 + 22320233?
22320222
In base 5, what is 2410 + -211422?
-204012
In base 10, what is 723503484 + 3?
723503487
In base 3, what is 1002 - 211021111011?
-211021110002
In base 2, what is 1111100100110000001110 - -111010?
1111100100110001001000
In base 16, what is -3d2e + -112?
-3e40
In base 12, what is 383411 + 12?
383423
In base 10, what is 357 - 12812?
-12455
In base 11, what is -36661 + -14111?
-4a772
In base 13, what is -2a90b + 3b?
-2a8a0
In base 7, what is 34 + -1345555?
-1345521
In base 13, what is a7babc - 5?
a7bab7
In base 10, what is -74753 + 280?
-74473
In base 2, what is 110101111 - -10101011110110110?
10101100101100101
In base 5, what is -224144030 + -422?
-224200002
In base 4, what is 3012332 - -10210?
3023202
In base 3, what is 11221 - -100110022122?
100110111120
In base 4, what is 11312 + 10331201?
11003113
In base 7, what is 11 - 15246256?
-15246245
In base 12, what is 53a56 - 130?
53926
In base 7, what is 5 - -213260605?
213260613
In base 2, what is 101010001000000000 - -101001101?
101010001101001101
In base 2, what is 10011 + -1000000010000010001110?
-1000000010000001111011
In base 5, what is 10342010344230 + 2?
10342010344232
In base 13, what is 5475757 + 3?
547575a
In base 12, what is 26458 + -308?
26150
In base 3, what is 110210011020 + -2202220?
110200101100
In base 10, what is 1 - -27070637?
27070638
In base 16, what is -15c796 - -8?
-15c78e
In base 11, what is -298 - -78510?
78223
In base 4, what is 2121 - -13322030?
13330211
In base 4, what is -1302022131 + 21310?
-1302000221
In base 14, 